{"id":5031,"date":"2026-04-20T18:37:35","date_gmt":"2026-04-20T15:37:35","guid":{"rendered":"https:\/\/theclinique.ro\/primaverii\/?post_type=product&#038;p=5031"},"modified":"2026-04-20T18:38:57","modified_gmt":"2026-04-20T15:38:57","slug":"oxygeneo-flash-sale","status":"publish","type":"product","link":"https:\/\/theclinique.ro\/primaverii\/produs\/oxygeneo-flash-sale\/","title":{"rendered":"OxyGeneo &#8211; Flash Sale"},"content":{"rendered":"<p>OxyGeneo ofer\u0103 o tripl\u0103 ac\u021biune prin exfoliere, infuzie de seruri active \u0219i oxigenare natural\u0103 din interior prin Efectul Bohr. Tratamentul revitalizeaz\u0103 tenul \u00een profunzime, elimin\u00e2nd celulele moarte \u0219i stimul\u00e2nd metabolismul celular pentru o regenerare rapid\u0103 \u0219i un \u201eglow\u201d spectaculos. Este alegerea perfect\u0103 pentru un aspect radiant, ferm \u0219i o piele vizibil \u00eentinerit\u0103, vizibil\u0103 chiar dup\u0103 prima \u0219edin\u021b\u0103.<\/p>\n","protected":false},"excerpt":{"rendered":"<p>OxyGeneo ofer\u0103 o tripl\u0103 ac\u021biune prin exfoliere, infuzie de seruri active \u0219i oxigenare natural\u0103 din interior prin Efectul Bohr. Tratamentul revitalizeaz\u0103 tenul \u00een profunzime, elimin\u00e2nd celulele moarte \u0219i stimul\u00e2nd metabolismul celular pentru o regenerare rapid\u0103 \u0219i un \u201eglow\u201d spectaculos. Este alegerea perfect\u0103 pentru un aspect radiant, ferm \u0219i o piele vizibil \u00eentinerit\u0103, vizibil\u0103 chiar dup\u0103 prima \u0219edin\u021b\u0103.<\/p>\n","protected":false},"featured_media":5032,"template":"","meta":[],"product_brand":[],"product_cat":[318],"product_tag":[],"class_list":{"0":"post-5031","1":"product","2":"type-product","3":"status-publish","4":"has-post-thumbnail","6":"product_cat-spring-glow-up","8":"first","9":"instock","10":"sale","11":"virtual","12":"taxable","13":"purchasable","14":"product-type-simple"},"yoast_head":"<!-- This site is optimized with the Yoast SEO plugin v27.2 - https:\/\/yoast.com\/product\/yoast-seo-wordpress\/ -->\n<title>OxyGeneo - Flash Sale<\/title>\n<meta name=\"description\" content=\"The Clinique Primaverii - OxyGeneo - Flash Sale\" \/>\n<meta name=\"robots\" content=\"index, follow, max-snippet:-1, max-image-preview:large, max-video-preview:-1\" \/>\n<link rel=\"canonical\" href=\"https:\/\/theclinique.ro\/primaverii\/produs\/oxygeneo-flash-sale\/\" \/>\n<meta property=\"og:locale\" content=\"ro_RO\" \/>\n<meta property=\"og:type\" content=\"article\" \/>\n<meta property=\"og:title\" content=\"OxyGeneo - Flash Sale\" \/>\n<meta property=\"og:description\" content=\"The Clinique Primaverii - OxyGeneo - Flash Sale\" \/>\n<meta property=\"og:url\" content=\"https:\/\/theclinique.ro\/primaverii\/produs\/oxygeneo-flash-sale\/\" \/>\n<meta property=\"og:site_name\" content=\"The Clinique Primaverii\" \/>\n<meta property=\"article:publisher\" content=\"https:\/\/www.facebook.com\/Theclinique.ro\" \/>\n<meta property=\"article:modified_time\" content=\"2026-04-20T15:38:57+00:00\" \/>\n<meta property=\"og:image\" content=\"https:\/\/theclinique.ro\/primaverii\/wp-content\/uploads\/2026\/04\/OXYGENEO-FLASH-SALE.png\" \/>\n\t<meta property=\"og:image:width\" content=\"1080\" \/>\n\t<meta property=\"og:image:height\" content=\"1080\" \/>\n\t<meta property=\"og:image:type\" content=\"image\/png\" \/>\n<meta name=\"twitter:card\" content=\"summary_large_image\" \/>\n<meta name=\"twitter:label1\" content=\"Timp estimat pentru citire\" \/>\n\t<meta name=\"twitter:data1\" content=\"1 minut\" \/>\n<script type=\"application\/ld+json\" class=\"yoast-schema-graph\">{\"@context\":\"https:\/\/schema.org\",\"@graph\":[{\"@type\":\"WebPage\",\"@id\":\"https:\/\/theclinique.ro\/primaverii\/produs\/oxygeneo-flash-sale\/\",\"url\":\"https:\/\/theclinique.ro\/primaverii\/produs\/oxygeneo-flash-sale\/\",\"name\":\"OxyGeneo - Flash Sale\",\"isPartOf\":{\"@id\":\"https:\/\/theclinique.ro\/primaverii\/#website\"},\"primaryImageOfPage\":{\"@id\":\"https:\/\/theclinique.ro\/primaverii\/produs\/oxygeneo-flash-sale\/#primaryimage\"},\"image\":{\"@id\":\"https:\/\/theclinique.ro\/primaverii\/produs\/oxygeneo-flash-sale\/#primaryimage\"},\"thumbnailUrl\":\"https:\/\/theclinique.ro\/primaverii\/wp-content\/uploads\/2026\/04\/OXYGENEO-FLASH-SALE.png\",\"datePublished\":\"2026-04-20T15:37:35+00:00\",\"dateModified\":\"2026-04-20T15:38:57+00:00\",\"description\":\"The Clinique Primaverii - OxyGeneo - Flash Sale\",\"breadcrumb\":{\"@id\":\"https:\/\/theclinique.ro\/primaverii\/produs\/oxygeneo-flash-sale\/#breadcrumb\"},\"inLanguage\":\"ro-RO\",\"potentialAction\":[{\"@type\":\"ReadAction\",\"target\":[\"https:\/\/theclinique.ro\/primaverii\/produs\/oxygeneo-flash-sale\/\"]}]},{\"@type\":\"ImageObject\",\"inLanguage\":\"ro-RO\",\"@id\":\"https:\/\/theclinique.ro\/primaverii\/produs\/oxygeneo-flash-sale\/#primaryimage\",\"url\":\"https:\/\/theclinique.ro\/primaverii\/wp-content\/uploads\/2026\/04\/OXYGENEO-FLASH-SALE.png\",\"contentUrl\":\"https:\/\/theclinique.ro\/primaverii\/wp-content\/uploads\/2026\/04\/OXYGENEO-FLASH-SALE.png\",\"width\":1080,\"height\":1080,\"caption\":\"OxyGeneo ofer\u0103 o tripl\u0103 ac\u021biune prin exfoliere,\"},{\"@type\":\"BreadcrumbList\",\"@id\":\"https:\/\/theclinique.ro\/primaverii\/produs\/oxygeneo-flash-sale\/#breadcrumb\",\"itemListElement\":[{\"@type\":\"ListItem\",\"position\":1,\"name\":\"Prima pagin\u0103\",\"item\":\"https:\/\/theclinique.ro\/primaverii\/\"},{\"@type\":\"ListItem\",\"position\":2,\"name\":\"Shop Online\",\"item\":\"https:\/\/theclinique.ro\/primaverii\/shop\/\"},{\"@type\":\"ListItem\",\"position\":3,\"name\":\"OxyGeneo &#8211; Flash Sale\"}]},{\"@type\":\"WebSite\",\"@id\":\"https:\/\/theclinique.ro\/primaverii\/#website\",\"url\":\"https:\/\/theclinique.ro\/primaverii\/\",\"name\":\"The Clinique Primaverii\",\"description\":\"Beauty &amp; Health\",\"publisher\":{\"@id\":\"https:\/\/theclinique.ro\/primaverii\/#organization\"},\"potentialAction\":[{\"@type\":\"SearchAction\",\"target\":{\"@type\":\"EntryPoint\",\"urlTemplate\":\"https:\/\/theclinique.ro\/primaverii\/?s={search_term_string}\"},\"query-input\":{\"@type\":\"PropertyValueSpecification\",\"valueRequired\":true,\"valueName\":\"search_term_string\"}}],\"inLanguage\":\"ro-RO\"},{\"@type\":\"Organization\",\"@id\":\"https:\/\/theclinique.ro\/primaverii\/#organization\",\"name\":\"The Clinique Primaverii\",\"url\":\"https:\/\/theclinique.ro\/primaverii\/\",\"logo\":{\"@type\":\"ImageObject\",\"inLanguage\":\"ro-RO\",\"@id\":\"https:\/\/theclinique.ro\/primaverii\/#\/schema\/logo\/image\/\",\"url\":\"https:\/\/theclinique.ro\/primaverii\/wp-content\/uploads\/2023\/05\/logo.png\",\"contentUrl\":\"https:\/\/theclinique.ro\/primaverii\/wp-content\/uploads\/2023\/05\/logo.png\",\"width\":4369,\"height\":1080,\"caption\":\"The Clinique Primaverii\"},\"image\":{\"@id\":\"https:\/\/theclinique.ro\/primaverii\/#\/schema\/logo\/image\/\"},\"sameAs\":[\"https:\/\/www.facebook.com\/Theclinique.ro\",\"https:\/\/www.instagram.com\/theclinique.ro\/\"]}]}<\/script>\n<!-- \/ Yoast SEO plugin. -->","yoast_head_json":{"title":"OxyGeneo - Flash Sale","description":"The Clinique Primaverii - OxyGeneo - Flash Sale","robots":{"index":"index","follow":"follow","max-snippet":"max-snippet:-1","max-image-preview":"max-image-preview:large","max-video-preview":"max-video-preview:-1"},"canonical":"https:\/\/theclinique.ro\/primaverii\/produs\/oxygeneo-flash-sale\/","og_locale":"ro_RO","og_type":"article","og_title":"OxyGeneo - Flash Sale","og_description":"The Clinique Primaverii - OxyGeneo - Flash Sale","og_url":"https:\/\/theclinique.ro\/primaverii\/produs\/oxygeneo-flash-sale\/","og_site_name":"The Clinique Primaverii","article_publisher":"https:\/\/www.facebook.com\/Theclinique.ro","article_modified_time":"2026-04-20T15:38:57+00:00","og_image":[{"width":1080,"height":1080,"url":"https:\/\/theclinique.ro\/primaverii\/wp-content\/uploads\/2026\/04\/OXYGENEO-FLASH-SALE.png","type":"image\/png"}],"twitter_card":"summary_large_image","twitter_misc":{"Timp estimat pentru citire":"1 minut"},"schema":{"@context":"https:\/\/schema.org","@graph":[{"@type":"WebPage","@id":"https:\/\/theclinique.ro\/primaverii\/produs\/oxygeneo-flash-sale\/","url":"https:\/\/theclinique.ro\/primaverii\/produs\/oxygeneo-flash-sale\/","name":"OxyGeneo - Flash Sale","isPartOf":{"@id":"https:\/\/theclinique.ro\/primaverii\/#website"},"primaryImageOfPage":{"@id":"https:\/\/theclinique.ro\/primaverii\/produs\/oxygeneo-flash-sale\/#primaryimage"},"image":{"@id":"https:\/\/theclinique.ro\/primaverii\/produs\/oxygeneo-flash-sale\/#primaryimage"},"thumbnailUrl":"https:\/\/theclinique.ro\/primaverii\/wp-content\/uploads\/2026\/04\/OXYGENEO-FLASH-SALE.png","datePublished":"2026-04-20T15:37:35+00:00","dateModified":"2026-04-20T15:38:57+00:00","description":"The Clinique Primaverii - OxyGeneo - Flash Sale","breadcrumb":{"@id":"https:\/\/theclinique.ro\/primaverii\/produs\/oxygeneo-flash-sale\/#breadcrumb"},"inLanguage":"ro-RO","potentialAction":[{"@type":"ReadAction","target":["https:\/\/theclinique.ro\/primaverii\/produs\/oxygeneo-flash-sale\/"]}]},{"@type":"ImageObject","inLanguage":"ro-RO","@id":"https:\/\/theclinique.ro\/primaverii\/produs\/oxygeneo-flash-sale\/#primaryimage","url":"https:\/\/theclinique.ro\/primaverii\/wp-content\/uploads\/2026\/04\/OXYGENEO-FLASH-SALE.png","contentUrl":"https:\/\/theclinique.ro\/primaverii\/wp-content\/uploads\/2026\/04\/OXYGENEO-FLASH-SALE.png","width":1080,"height":1080,"caption":"OxyGeneo ofer\u0103 o tripl\u0103 ac\u021biune prin exfoliere,"},{"@type":"BreadcrumbList","@id":"https:\/\/theclinique.ro\/primaverii\/produs\/oxygeneo-flash-sale\/#breadcrumb","itemListElement":[{"@type":"ListItem","position":1,"name":"Prima pagin\u0103","item":"https:\/\/theclinique.ro\/primaverii\/"},{"@type":"ListItem","position":2,"name":"Shop Online","item":"https:\/\/theclinique.ro\/primaverii\/shop\/"},{"@type":"ListItem","position":3,"name":"OxyGeneo &#8211; Flash Sale"}]},{"@type":"WebSite","@id":"https:\/\/theclinique.ro\/primaverii\/#website","url":"https:\/\/theclinique.ro\/primaverii\/","name":"The Clinique Primaverii","description":"Beauty &amp; Health","publisher":{"@id":"https:\/\/theclinique.ro\/primaverii\/#organization"},"potentialAction":[{"@type":"SearchAction","target":{"@type":"EntryPoint","urlTemplate":"https:\/\/theclinique.ro\/primaverii\/?s={search_term_string}"},"query-input":{"@type":"PropertyValueSpecification","valueRequired":true,"valueName":"search_term_string"}}],"inLanguage":"ro-RO"},{"@type":"Organization","@id":"https:\/\/theclinique.ro\/primaverii\/#organization","name":"The Clinique Primaverii","url":"https:\/\/theclinique.ro\/primaverii\/","logo":{"@type":"ImageObject","inLanguage":"ro-RO","@id":"https:\/\/theclinique.ro\/primaverii\/#\/schema\/logo\/image\/","url":"https:\/\/theclinique.ro\/primaverii\/wp-content\/uploads\/2023\/05\/logo.png","contentUrl":"https:\/\/theclinique.ro\/primaverii\/wp-content\/uploads\/2023\/05\/logo.png","width":4369,"height":1080,"caption":"The Clinique Primaverii"},"image":{"@id":"https:\/\/theclinique.ro\/primaverii\/#\/schema\/logo\/image\/"},"sameAs":["https:\/\/www.facebook.com\/Theclinique.ro","https:\/\/www.instagram.com\/theclinique.ro\/"]}]}},"_links":{"self":[{"href":"https:\/\/theclinique.ro\/primaverii\/wp-json\/wp\/v2\/product\/5031","targetHints":{"allow":["GET"]}}],"collection":[{"href":"https:\/\/theclinique.ro\/primaverii\/wp-json\/wp\/v2\/product"}],"about":[{"href":"https:\/\/theclinique.ro\/primaverii\/wp-json\/wp\/v2\/types\/product"}],"wp:featuredmedia":[{"embeddable":true,"href":"https:\/\/theclinique.ro\/primaverii\/wp-json\/wp\/v2\/media\/5032"}],"wp:attachment":[{"href":"https:\/\/theclinique.ro\/primaverii\/wp-json\/wp\/v2\/media?parent=5031"}],"wp:term":[{"taxonomy":"product_brand","embeddable":true,"href":"https:\/\/theclinique.ro\/primaverii\/wp-json\/wp\/v2\/product_brand?post=5031"},{"taxonomy":"product_cat","embeddable":true,"href":"https:\/\/theclinique.ro\/primaverii\/wp-json\/wp\/v2\/product_cat?post=5031"},{"taxonomy":"product_tag","embeddable":true,"href":"https:\/\/theclinique.ro\/primaverii\/wp-json\/wp\/v2\/product_tag?post=5031"}],"curies":[{"name":"wp","href":"https:\/\/api.w.org\/{rel}","templated":true}]}}